{"id":247,"date":"2015-09-11T08:34:53","date_gmt":"2015-09-11T12:34:53","guid":{"rendered":"http:\/\/www.gregorian.ca\/wp\/?page_id=247"},"modified":"2025-07-26T17:05:47","modified_gmt":"2025-07-26T21:05:47","slug":"publications","status":"publish","type":"page","link":"https:\/\/www.gregorian.ca\/wp\/?page_id=247","title":{"rendered":"Publications"},"content":{"rendered":"\n<p><strong>Publication de <a href=\"http:\/\/hmcwordpress.mcmaster.ca\/renwick\/\" target=\"_blank\">l&#8217;Office de Sarum<\/a><\/strong><\/p>\n\n\n\n<p>Un important projet de recherche est en cours. Il s&#8217;agit de la publication, sous la direction du Dr William Renwick, de l&#8217;Office de Sarum. Une fois termin\u00e9e, cette publication comprendra l&#8217;ensemble des textes et de la musique de l&#8217;Office du dimanche et des jours de semaine, le Propre et le Commun du Temps et des Saints. Pour de plus amples informations sur ce projet, cliquez sur <a href=\"http:\/\/hmcwordpress.mcmaster.ca\/renwick\/\" target=\"_blank\">sarum<\/a>.<\/p>\n\n\n\n<hr class=\"wp-block-separator has-alpha-channel-opacity\"\/>\n\n\n\n<p><strong>Actes du 4e colloque annuel de l&#8217;Institut gr\u00e9gorien du Canada, Hamilton ON, 2009.<\/strong><\/p>\n\n\n\n<p>L&#8217;Institut gr\u00e9gorien du Canada a tenu son quatri\u00e8me colloque annuel en ao\u00fbt 2009 \u00e0 Hamilton (ON). Pour la premi\u00e8re fois, un colloque de l&#8217;Institut r\u00e9unissait \u00e0 la fois des interpr\u00e8tes et des chercheurs dont la sp\u00e9cialit\u00e9 est le plain-chant. Les actes de ce colloque ont r\u00e9cemment \u00e9t\u00e9 publi\u00e9s par l&#8217;Institut de musique m\u00e9di\u00e9vale sous le titre Les Traditions du plain-chant occidental\/Traditions in Western Plainchant (Ottawa: Institut de musique m\u00e9di\u00e9vale, 2010). On trouvera dans ce recueil les contributions de onze auteurs, incluant la conf\u00e9rence pl\u00e9niaire de Joseph Dyer sur les origines de l&#8217;Antiphonale Missarum, des communications sur l&#8217;office de saint Thomas Becket, sur le plain-chant post-tridentin et sur la transmission du plain-chant, ainsi que le catalogue de l&#8217;exposition &#8220;Le plain-chant au Canada \u00e0 l&#8217;\u00e9poque coloniale&#8221; qui comprend plusieurs images extraites de livres de plain-chant des XVIIe et XVIIIe si\u00e8cles. \u00c9dit\u00e9 par Pascale Duhamel et Barbara Swanson, ce magnifique compte-rendu du colloque renferme d&#8217;importantes contributions dans le domaine de la recherche et de l&#8217;interpr\u00e9tation.<\/p>\n\n\n\n<p>Pour commander ce volume, visitez <a href=\"http:\/\/www.medievalmusic.ca\/francais\/index.htm\" target=\"_blank\">l&#8217;Institut de musique m\u00e9di\u00e9vale<\/a>.<\/p>\n\n\n\n<p><a href=\"https:\/\/www.gregorian.ca\/wp\/wp-content\/uploads\/2015\/09\/2009-Table-des-matieres.pdf\">2009 Table des mati\u00e8res<\/a>. (PDF)<\/p>\n\n\n\n<hr class=\"wp-block-separator has-alpha-channel-opacity\"\/>\n\n\n\n<p><strong>Chant: Old and New\/Plain-chant : l&#8217;ancien et le nouveau<br>\nActes du 6e colloque de l&#8217;IGC, Halifax 2011.<\/strong><\/p>\n\n\n\n<p>Ce volume, \u00e9dit\u00e9 par William Renwick, avec un avant-propos de Jennifer Bain, comprend 11 articles choisis parmi les communications qui ont \u00e9t\u00e9 pr\u00e9sent\u00e9es lors du 6e colloque annuel de l&#8217;Institut gr\u00e9gorien du Canada, lequel s&#8217;est d\u00e9roul\u00e9 du 4 au 7 ao\u00fbt 2011 \u00e0 l&#8217;Universit\u00e9 Dalhousie de Halifax (Nouvelle-\u00c9cosse).<\/p>\n\n\n\n<p>Pour commander ce volume, visitez <a href=\"http:\/\/www.medievalmusic.ca\/francais\/index.htm\" target=\"_blank\">l&#8217;Institut de musique m\u00e9di\u00e9vale<\/a> (Kitchener ON).<\/p>\n\n\n\n<p><a href=\"https:\/\/www.gregorian.ca\/wp\/wp-content\/uploads\/2015\/09\/2011-Contents.pdf\">2011 Table de mati\u00e8res<\/a>. (PDF)<\/p>\n\n\n\n<hr class=\"wp-block-separator has-alpha-channel-opacity\"\/>\n\n\n\n<p><strong>Plain-chant et culture \/ Chant and Culture<br>\nActes du 8e colloque de l&#8217;IGC, Vancouver, 2013.<\/strong><\/p>\n\n\n\n<p>Ce volume, \u00e9dit\u00e9 par Armin Karim et Barbara Swanson, avec un avant-propos de Chantal Phan, comprend 15 articles choisis parmi les communications qui ont \u00e9t\u00e9 pr\u00e9sent\u00e9es lors du 8e colloque annuel de l&#8217;Institut gr\u00e9gorien du Canada, lequel s&#8217;est d\u00e9roul\u00e9 du 6 au 9 ao\u00fbt 2013 \u00e0 l&#8217;Universit\u00e9 Colombie Britannique de Vancouver.<\/p>\n\n\n\n<p>Pour commander ce volume, visitez <a href=\"http:\/\/www.medievalmusic.ca\/francais\/index.htm\" target=\"_blank\">l&#8217;Institut de musique m\u00e9di\u00e9vale<\/a> (Kitchener ON).<\/p>\n\n\n\n<p><a href=\"https:\/\/www.gregorian.ca\/wp\/wp-content\/uploads\/2015\/09\/2013-contents.pdf\">2013 Table de mati\u00e8res<\/a>. (PDF)<\/p>\n\n\n\n<hr class=\"wp-block-separator has-alpha-channel-opacity\"\/>\n\n\n\n<p><strong>Antiphonale Romanum II : le premier volume officiel de l&#8217;Antiphonaire romain <\/strong>par Michel Gammon, Ch\u0153ur gr\u00e9gorien de Sherbrooke<\/p>\n\n\n\n<p><a href=\"https:\/\/www.gregorian.ca\/wp\/wp-content\/uploads\/2015\/09\/Antiphonale-Romanum-II-Final-MG.pdf\">Texte complet<\/a> (PDF)<\/p>\n\n\n\n<p>Michel Gammon analyse le deuxi\u00e8me tome de l\u2019<em>Antiphonaire romain<\/em>, r\u00e9cemment \u00e9dit\u00e9 par les moines de Solesmes. Ce tome contient les V\u00eapres de tous les dimanches ainsi que les V\u00eapres des f\u00eates et solennit\u00e9s. Dans le pr\u00e9sent article, l&#8217;auteur pr\u00e9sente d&#8217;abord un survol rapide de l\u2019<em>Antiphonaire<\/em> et de ses choix musicaux. Ensuite, une attention toute particuli\u00e8re est accord\u00e9e aux hymnes ainsi qu\u2019au cantique <em>Salus et gloria<\/em> (Apocalypse 19). Pour ce cantique, d\u00e9j\u00e0 assez bien connu en style responsorial, l\u2019<em>Antiphonaire<\/em> introduit le style tropaire pour les dimanches avec antiennes propres, style qui \u00e9tait jusqu\u2019\u00e0 maintenant inconnu dans l\u2019Office divin de notre \u00e9poque.<\/p>\n\n\n\n<p>En publiant cet expos\u00e9 de Michel Gammon, l&#8217;Institut gr\u00e9gorien du Canada souhaite favoriser l\u2019utilisation de l\u2019<em>Antiphonaire romain<\/em> par des choeurs d\u00e9sirant raviver le chant des V\u00eapres dans leur communaut\u00e9 et paroisse.<\/p>\n\n\n\n<p><em>MICHEL GAMMON est pr\u00e9sident et choriste du Choeur gr\u00e9gorien de Sherbrooke. Il s&#8217;int\u00e9resse depuis plusieurs ann\u00e9es au chant de l&#8217;Office divin dans le contexte d&#8217;une r\u00e9citation individuelle et quotidienne. Il a particuli\u00e8rement \u00e9tudi\u00e9 les diff\u00e9rences structurelles entre l&#8217;Office romain r\u00e9nov\u00e9 et ancien, ainsi qu&#8217;entre les diff\u00e9rents sch\u00e9mas de l&#8217;Office monastique<\/em>.<\/p>\n","protected":false},"excerpt":{"rendered":"<p>Publication de l&#8217;Office de Sarum Un important projet de recherche est en cours. Il s&#8217;agit de la publication, sous la direction du Dr William Renwick, de l&#8217;Office de Sarum. Une fois termin\u00e9e, cette publication comprendra l&#8217;ensemble des textes et de la musique de l&#8217;Office du dimanche et des jours de semaine, le Propre et le &hellip; <a href=\"https:\/\/www.gregorian.ca\/wp\/?page_id=247\" class=\"more-link\">Continue reading <span class=\"screen-reader-text\">Publications<\/span> <span class=\"meta-nav\">&rarr;<\/span><\/a><\/p>\n","protected":false},"author":1,"featured_media":0,"parent":11,"menu_order":0,"comment_status":"closed","ping_status":"closed","template":"","meta":{"footnotes":""},"class_list":["post-247","page","type-page","status-publish","hentry"],"_links":{"self":[{"href":"https:\/\/www.gregorian.ca\/wp\/index.php?rest_route=\/wp\/v2\/pages\/247","targetHints":{"allow":["GET"]}}],"collection":[{"href":"https:\/\/www.gregorian.ca\/wp\/index.php?rest_route=\/wp\/v2\/pages"}],"about":[{"href":"https:\/\/www.gregorian.ca\/wp\/index.php?rest_route=\/wp\/v2\/types\/page"}],"author":[{"embeddable":true,"href":"https:\/\/www.gregorian.ca\/wp\/index.php?rest_route=\/wp\/v2\/users\/1"}],"replies":[{"embeddable":true,"href":"https:\/\/www.gregorian.ca\/wp\/index.php?rest_route=%2Fwp%2Fv2%2Fcomments&post=247"}],"version-history":[{"count":14,"href":"https:\/\/www.gregorian.ca\/wp\/index.php?rest_route=\/wp\/v2\/pages\/247\/revisions"}],"predecessor-version":[{"id":2518,"href":"https:\/\/www.gregorian.ca\/wp\/index.php?rest_route=\/wp\/v2\/pages\/247\/revisions\/2518"}],"up":[{"embeddable":true,"href":"https:\/\/www.gregorian.ca\/wp\/index.php?rest_route=\/wp\/v2\/pages\/11"}],"wp:attachment":[{"href":"https:\/\/www.gregorian.ca\/wp\/index.php?rest_route=%2Fwp%2Fv2%2Fmedia&parent=247"}],"curies":[{"name":"wp","href":"https:\/\/api.w.org\/{rel}","templated":true}]}}

<p><strong>Publication de <a href="http://hmcwordpress.mcmaster.ca/renwick/" target="_blank">l&#8217;Office de Sarum</a></strong></p>



<p>Un important projet de recherche est en cours. Il s&#8217;agit de la publication, sous la direction du Dr William Renwick, de l&#8217;Office de Sarum. Une fois terminée, cette publication comprendra l&#8217;ensemble des textes et de la musique de l&#8217;Office du dimanche et des jours de semaine, le Propre et le Commun du Temps et des Saints. Pour de plus amples informations sur ce projet, cliquez sur <a href="http://hmcwordpress.mcmaster.ca/renwick/" target="_blank">sarum</a>.</p>



<hr class="wp-block-separator has-alpha-channel-opacity"/>



<p><strong>Actes du 4e colloque annuel de l&#8217;Institut grégorien du Canada, Hamilton ON, 2009.</strong></p>



<p>L&#8217;Institut grégorien du Canada a tenu son quatrième colloque annuel en août 2009 à Hamilton (ON). Pour la première fois, un colloque de l&#8217;Institut réunissait à la fois des interprètes et des chercheurs dont la spécialité est le plain-chant. Les actes de ce colloque ont récemment été publiés par l&#8217;Institut de musique médiévale sous le titre Les Traditions du plain-chant occidental/Traditions in Western Plainchant (Ottawa: Institut de musique médiévale, 2010). On trouvera dans ce recueil les contributions de onze auteurs, incluant la conférence pléniaire de Joseph Dyer sur les origines de l&#8217;Antiphonale Missarum, des communications sur l&#8217;office de saint Thomas Becket, sur le plain-chant post-tridentin et sur la transmission du plain-chant, ainsi que le catalogue de l&#8217;exposition &#8220;Le plain-chant au Canada à l&#8217;époque coloniale&#8221; qui comprend plusieurs images extraites de livres de plain-chant des XVIIe et XVIIIe siècles. Édité par Pascale Duhamel et Barbara Swanson, ce magnifique compte-rendu du colloque renferme d&#8217;importantes contributions dans le domaine de la recherche et de l&#8217;interprétation.</p>



<p>Pour commander ce volume, visitez <a href="http://www.medievalmusic.ca/francais/index.htm" target="_blank">l&#8217;Institut de musique médiévale</a>.</p>



<p><a href="https://www.gregorian.ca/wp/wp-content/uploads/2015/09/2009-Table-des-matieres.pdf">2009 Table des matières</a>. (PDF)</p>



<hr class="wp-block-separator has-alpha-channel-opacity"/>



<p><strong>Chant: Old and New/Plain-chant : l&#8217;ancien et le nouveau<br>
Actes du 6e colloque de l&#8217;IGC, Halifax 2011.</strong></p>



<p>Ce volume, édité par William Renwick, avec un avant-propos de Jennifer Bain, comprend 11 articles choisis parmi les communications qui ont été présentées lors du 6e colloque annuel de l&#8217;Institut grégorien du Canada, lequel s&#8217;est déroulé du 4 au 7 août 2011 à l&#8217;Université Dalhousie de Halifax (Nouvelle-Écosse).</p>



<p>Pour commander ce volume, visitez <a href="http://www.medievalmusic.ca/francais/index.htm" target="_blank">l&#8217;Institut de musique médiévale</a> (Kitchener ON).</p>



<p><a href="https://www.gregorian.ca/wp/wp-content/uploads/2015/09/2011-Contents.pdf">2011 Table de matières</a>. (PDF)</p>



<hr class="wp-block-separator has-alpha-channel-opacity"/>



<p><strong>Plain-chant et culture / Chant and Culture<br>
Actes du 8e colloque de l&#8217;IGC, Vancouver, 2013.</strong></p>



<p>Ce volume, édité par Armin Karim et Barbara Swanson, avec un avant-propos de Chantal Phan, comprend 15 articles choisis parmi les communications qui ont été présentées lors du 8e colloque annuel de l&#8217;Institut grégorien du Canada, lequel s&#8217;est déroulé du 6 au 9 août 2013 à l&#8217;Université Colombie Britannique de Vancouver.</p>



<p>Pour commander ce volume, visitez <a href="http://www.medievalmusic.ca/francais/index.htm" target="_blank">l&#8217;Institut de musique médiévale</a> (Kitchener ON).</p>



<p><a href="https://www.gregorian.ca/wp/wp-content/uploads/2015/09/2013-contents.pdf">2013 Table de matières</a>. (PDF)</p>



<hr class="wp-block-separator has-alpha-channel-opacity"/>



<p><strong>Antiphonale Romanum II : le premier volume officiel de l&#8217;Antiphonaire romain </strong>par Michel Gammon, Chœur grégorien de Sherbrooke</p>



<p><a href="https://www.gregorian.ca/wp/wp-content/uploads/2015/09/Antiphonale-Romanum-II-Final-MG.pdf">Texte complet</a> (PDF)</p>



<p>Michel Gammon analyse le deuxième tome de l’<em>Antiphonaire romain</em>, récemment édité par les moines de Solesmes. Ce tome contient les Vêpres de tous les dimanches ainsi que les Vêpres des fêtes et solennités. Dans le présent article, l&#8217;auteur présente d&#8217;abord un survol rapide de l’<em>Antiphonaire</em> et de ses choix musicaux. Ensuite, une attention toute particulière est accordée aux hymnes ainsi qu’au cantique <em>Salus et gloria</em> (Apocalypse 19). Pour ce cantique, déjà assez bien connu en style responsorial, l’<em>Antiphonaire</em> introduit le style tropaire pour les dimanches avec antiennes propres, style qui était jusqu’à maintenant inconnu dans l’Office divin de notre époque.</p>



<p>En publiant cet exposé de Michel Gammon, l&#8217;Institut grégorien du Canada souhaite favoriser l’utilisation de l’<em>Antiphonaire romain</em> par des choeurs désirant raviver le chant des Vêpres dans leur communauté et paroisse.</p>



<p><em>MICHEL GAMMON est président et choriste du Choeur grégorien de Sherbrooke. Il s&#8217;intéresse depuis plusieurs années au chant de l&#8217;Office divin dans le contexte d&#8217;une récitation individuelle et quotidienne. Il a particulièrement étudié les différences structurelles entre l&#8217;Office romain rénové et ancien, ainsi qu&#8217;entre les différents schémas de l&#8217;Office monastique</em>.</p>

<p>Publication de l&#8217;Office de Sarum Un important projet de recherche est en cours. Il s&#8217;agit de la publication, sous la direction du Dr William Renwick, de l&#8217;Office de Sarum. Une fois terminée, cette publication comprendra l&#8217;ensemble des textes et de la musique de l&#8217;Office du dimanche et des jours de semaine, le Propre et le &hellip; <a href="https://www.gregorian.ca/wp/?page_id=247" class="more-link">Continue reading <span class="screen-reader-text">Publications</span> <span class="meta-nav">&rarr;</span></a></p>
